ed by v.
7
Let t = -135 + 285. Suppose 2*r = -4*r + t. Calculate the remainder when r is divided by 7.
4
Suppose 2*f = 146 + 66. What is the remainder when 416 is divided by f?
98
Let a = -144 + 158. Let w = 67 - 0. Calculate the remainder when w is divided by a.
11
Suppose -9*i + 14*i = 4*h - 76, 0 = -3*i. What is the remainder when 112 is divided by h?
17
Suppose -4*d + 64 = 48. What is the remainder when ((-62)/(-22) - 6/(-33)) + 6 is divided by d?
1
Suppose -2*s + 75 = -3*z, z - 5*z = -2*s + 72. What is the remainder when s is divided by 23?
19
Calculate the remainder when 1 + (-24)/(-8) + (-1 - -188) is divided by 49.
44
Let x be 5 - (-2 + 1 + -2). Let c = x - 5. Suppose -2*a + 15 = -c. What is the remainder when 43 is divided by a?
7
Let a = -2777 + 2801. Calculate the remainder when 185 is divided by a.
17
Let t = 140 - 61. Suppose 83*o - 16 = t*o. Calculate the remainder when 29 is divided by o.
1
Suppose -h + 3*g + 51 = 2*g, 63 = h + 5*g. What is the remainder when h is divided by 4?
1
Suppose 7 = 2*k + 3, -3*p = k - 41. Suppose s = 5*h - 652, -4*h + 121 = -s - 401. Let d = -122 + h. What is the remainder when p is divided by d?
5
Let s be -3 + 5 + (1 - -1). Suppose 3*y = -s*y + 532. What is the remainder when y is divided by 7?
6
Suppose 66*h - 71*h = -635. Suppose 10*x - h = 9*x. Calculate the remainder when x is divided by (-322)/(-10) + (-1)/5.
31
Suppose -17*f - 4422 = -151*f. Calculate the remainder when 59 is divided by f.
26
Let f be (102/(-9))/(6/9 + -1). Suppose 110 + f = 9*t. Calculate the remainder when t is divided by 10.
6
Let f(t) = -2*t**3 - 12*t**2 + t + 3. Let i be f(-6). What is the remainder when 76 is divided by (-2)/4 + i + 177/6?
24
Let q(j) = -3*j - 60. Let m(o) = -o**3 + 10*o**2 + 5*o - 6. Calculate the remainder when m(10) is divided by q(-28).
20
Let p = -269 + 292. Calculate the remainder when 37 is divided by p.
14
Let f = -11 + 13. Suppose -n + 3 = -f. Suppose 68 = 2*i + n*z, -4*i - 2*z + 0*z + 152 = 0. Calculate the remainder when i is divided by 10.
9
Let k = -71 + 124. What is the remainder when k is divided by (-1 + -1)/(5/(-40)) + 4?
13
Suppose 3*w - 35 = -5*b, 0*w + 2 = 3*b - 2*w. Calculate the remainder when -1 + 69 - (b - 4) is divided by 25.
18
Let y(r) = r**3 + 27*r**2 + 51*r + 32. Let h be y(-25). Suppose 753 - 32 = h*i. What is the remainder when i is divided by 21?
19
Let o = 156 + -219. Let r = 115 + o. Calculate the remainder when 3 + 3/(3/r) is divided by 14.
13
Let o(a) = 155*a + 1. Let j(b) = 41*b**3 + 21*b - 22. What is the remainder when o(1) is divided by j(1)?
36
Let j(h) = -6*h**3 + h. Let x(p) = -p**3 - 19*p**2 - 82*p - 10. What is the remainder when x(-13) is divided by j(-1)?
2
What is the remainder when (-6 + 2 + -117)*-8 is divided by 19?
18
Let w(s) = -27*s - 6. Let u be w(2). Calculate the remainder when 34 is divided by 4/(-30) - 1088/u.
16
Suppose 0 = 66*t - 63*t + p - 169, 276 = 5*t - 4*p. What is the remainder when 268 is divided by t?
44
Let c be (1/3)/((-3)/(-9)) + 47. Let g = 76 - c. What is the remainder when g is divided by 11?
6
What is the remainder when 107 is divided by (-94)/(-799) + (-1069)/(-17)?
44
Let v(p) = 8*p. Let i be (-3)/(-1) - (-3 - -4). Suppose c - i*c - 5*m = -95, 4*c = -4*m + 316. Calculate the remainder when c is divided by v(2).
11
Suppose -479*o + 491*o = 1008. Calculate the remainder when o is divided by 22.
18
Let g be (-3 + 4)*12/4. Suppose n - 1 = -3*j, -g*n + 2*j + 32 + 15 = 0. What is the remainder when 24 is divided by n?
11
Let v be (-10)/(-6) + (-17)/(-51). Let m(n) = n + v*n - 8*n - 3*n. Calculate the remainder when 30 is divided by m(-1).
6
Let t(h) = 3*h**2 - 8*h - 4. Let x(y) = -2*y**2 + 4*y + 2. Let i(m) = 3*t(m) + 5*x(m). Calculate the remainder when 6 is divided by i(-3).
0
Let d(z) = 11*z + 1. Let o(w) = -w**3 - 9*w**2 + 17*w + 12. Let g(l) = 2*l - 1. Let b be g(-5). Calculate the remainder when o(b) is divided by d(2).
21
Suppose 3*h + 3*x = 18, 61*h - 66*h + 4*x = -39. What is the remainder when h is divided by 7?
0
Suppose 2*x + 1 - 3 = 0. Suppose -o - x = -0, -4*b = 4*o - 16. What is the remainder when b is divided by 4?
1
Suppose -r + 3 - 1 = 0. Suppose 34*m = -9820 + 9854. Calculate the remainder when r is divided by m.
0
Let b = 0 + 3. Suppose 3*p - n = n - 4, n - b = p. Calculate the remainder when 4 is divided by p.
0
Suppose 13 = 5*f - 12. Suppose 2*w - 105 - 1 = -2*m, 0 = 5*w + f. Suppose x + 4*l = m, 4*x - 204 = -0*l - 4*l. What is the remainder when x is divided by 17?
16
Suppose -5*z = -444 - 311. Let w = 760 + -722. What is the remainder when z is divided by w?
37
Let c(j) = -j**3 + j**2. Let f be c(1). Suppose f = 3*o - 72 - 39. Calculate the remainder when o is divided by -1 + 2 - (-45)/5.
7
Suppose -5*u = 5, 13*o = 11*o - 4*u + 58. What is the remainder when 208 is divided by o?
22
Let j = -18 + 38. Let l(f) = 7*f**2 + f + 1. Calculate the remainder when l(2) is divided by j.
11
Let d(w) = -3*w**2 + 2*w + 9. Let u be d(7). Let c = u + 174. Calculate the remainder when c is divided by 27.
23
Suppose 4*h = -2*h - 42. Let y = 14 + h. Calculate the remainder when y is divided by 4.
3
Let g = 6 - 6. Suppose -2*n + n + 9 = g. What is the remainder when n is divided by (2/3)/((-1)/(-9))?
3
What is the remainder when (-6 - -2) + 7 + 95 is divided by 51?
47
Suppose 0 = 92*x - 238 - 241 - 1085. Suppose 0 = w - 0*w - 272. Let h = w - 189. Calculate the remainder when h is divided by x.
15
Suppose -z = 3*v - 3, 8*v - 7*v + 3 = 0. Calculate the remainder when 215 is divided by z.
11
Suppose 0 = -9*n - 0*n + 315. Suppose 3*w - 11 = 1. Suppose d - 8 = w. Calculate the remainder when n is divided by d.
11
Let k be 52/14 - (-50)/175. Suppose 0 = 4*w - k, -3*p + w = -6 - 5. What is the remainder when 9 is divided by p?
1
Let a = 18 + -23. Let k(z) = -z**2 - 4*z. Let d be k(a). What is the remainder when 1/d - (-7856)/80 is divided by 20?
18
Let o be ((-4)/(-6))/(2/18). Suppose 0*x + o = 2*x. Calculate the remainder when 4 is divided by x.
1
Let z(l) = l**3 - 3*l**2 - 6*l - 1. Let f be z(5). Let r = -9 + f. Let h = 399 + -362. What is the remainder when h is divided by r?
7
Suppose 2*z + 5 = 7. Let x(i) = -4*i**2 + i - 1. Let c be x(z). Let w = 15 + c. What is the remainder when 19 is divided by w?
8
Suppose -3*f = -t + 31 - 8, -3*t = 2*f - 113. What is the remainder when 243 is divided by t?
33
Let k(g) = -g + 2. Let v = 10 + -12. Let r = 6 + -3. Calculate the remainder when k(v) is divided by r.
1
Suppose 3*l - 7 - 32 = 0. Let p = -3602 - -3626. Calculate the remainder when p is divided by l.
11
Let d be (-4)/(4/2 - 0) - -4. Suppose q - 3*o - 312 = -d*q, -4*q - o = -396. What is the remainder when q is divided by 21?
16
Let k = -325 - -358. Let h(s) = 3*s**3 - s**2 - 4*s + 3. Calculate the remainder when h(3) is divided by k.
30
Suppose -284 = -8*q - 148. What is the remainder when 64 is divided by q?
13
Suppose 3*r = -j + 66 - 5, 0 = -5*r - 25. Calculate the remainder when j is divided by 3.
1
Calculate the remainder when (9 - 5 - 3)*1*197 is divided by 6.
5
Suppose 0 = 6*s - 47 - 79. Calculate the remainder when 53 is divided by s.
11
Let d be 5*(-1)/5*-5. What is the remainder when 97 is divided by 2 + 33 + (-10)/d?
31
Suppose -4*b + 33 + 28 = 5*u, 3*b = -3. Calculate the remainder when 89 is divided by u.
11
Suppose x = 5*l - 14, 5*x - 52 = -2*l - 14. Let d = 9 - x. Suppose -d*v + 39 = -j + 2*j, 0 = -4*v + 5*j + 33. Calculate the remainder when 45 is divided by v.
9
Suppose -4*n + 2*p = -3*p - 155, -p + 121 = 3*n. Let m = 41 - 27. Suppose v - 2*v + m = 0. What is the remainder when n is divided by v?
12
Calculate the remainder when 18 is divided by (-5)/2*-10*26/65.
8
Let k be (-56 + 8)*(-2)/(-4). What is the remainder when 22 is divided by 1 - (-5)/((-20)/k)?
1
Suppose g - 9 = -0*g. What is the remainder when (-4 - -7)/((-3)/(-21) + 32/168) is divided by g?
0
Let o be (-18)/(-12)*(-8)/(-6). Let m be ((-2)/(-6))/((-6)/18). Calculate the remainder when o/(-4)*14/m is divided by 5.
2
Let o = 160 - 113. Suppose o = 3*g + 26. Calculate the remainder when 60 is divided by g.
4
Let l(n) = -n**2 + 5*n + 30. What is the remainder when 24 is divided by l(7)?
8
Let g = -1 + 6. Suppose -a - s = -5, 4*a - g*s = a + 7. Suppose 2*d 